{"id":990,"date":"2020-01-23T19:06:20","date_gmt":"2020-01-23T18:06:20","guid":{"rendered":"https:\/\/jp-pourtal.fr\/?page_id=990"},"modified":"2020-01-23T19:13:05","modified_gmt":"2020-01-23T18:13:05","slug":"abbaye-des-vaux-de-cernay","status":"publish","type":"page","link":"https:\/\/jp-pourtal.fr\/index.php\/les-portfolios\/portfolios\/abbaye-des-vaux-de-cernay\/","title":{"rendered":"Abbaye des Vaux de Cernay"},"content":{"rendered":"\n<p><a href=\"http:\/\/jp-pourtal.fr\/index.php\/portfolios\/\">Retour Lieux Mythiques<\/a><\/p>\n\n\n\n<p>L&rsquo;abbaye des Vaux de Cernay est fond\u00e9e en 1118 dans la vall\u00e9e de Chevreuse dans le d\u00e9partement des Yvelines en bordure de la for\u00eat de Rambouillet.<\/p>\n\n\n\n<p>Ses ruines nous invitent \u00e0 la m\u00e9ditation et au recueillement ; en fermant les yeux l&rsquo;on peut sentir le fr\u00f4lement des robes de bures des moines se rendant \u00e0 l&rsquo;office.<\/p>\n\n\n\n<p>En cette p\u00e9riode d&rsquo;hiver, la lumi\u00e8re donne un ton irr\u00e9el \u00e0 ces lieux presque mill\u00e9naires<\/p>\n\n\n\n<div class=\"wp-block-ftg-gallery\"><!-- Final Tiles Grid Gallery for WordPress v3.5.6 free --><style>#ftg-4040 .tile .icon { color:#ffffff; }#ftg-4040 .ftg-items .loading-bar i { background:#666; }#ftg-4040 .ftg-items .loading-bar { background:#fff; }#ftg-4040 .tile .icon { font-size:12px; }#ftg-4040 .tile .icon { margin: -6px 0 0 -6px; }#ftg-4040 .tile .caption-block .text-wrapper span.text { font-size:12px; }#ftg-4040 .tile .caption-outside .text-wrapper span.text { font-size:12px; }#ftg-4040 .tile .caption-block .text-wrapper span.title { font-size:14px; }#ftg-4040 .tile .caption-outside .text-wrapper span.title { font-size:14px; }#ftg-4040 .tile { background-color: transparent; }#ftg-4040 .tile .caption-block .text-wrapper span.text { color: #ffffff; }#ftg-4040 .tile .caption-block .text-wrapper span.title { color: #ffffff; }#ftg-4040 .tile .caption-outside .text-wrapper span.text { color: #ffffff; }#ftg-4040 .tile .caption-outside .text-wrapper span.title { color: #ffffff; }#ftg-4040 .tile .ftg-social a { color: #ffffff; }#ftg-4040 .tile .caption-block { transition-duration:0.25s; }#ftg-4040 .tile .tile-inner:before { background-color: #000000; }#ftg-4040 .tile .tile-inner:before { background-color: rgba(0, 0, 0, 0.8); }#ftg-4040 .tile:hover img {-moz-transform: ;-webkit-transform: ;-o-transform: ;-ms-transform: ;transform: ;}<\/style><a name='40'><\/a><div class='final-tiles-gallery  ftg-hover-enabled caption-inside  caption-none caption-middle caption-center' id='ftg-4040' style='width:100%'><div class='ftg-items'><div class='loading-bar'><i><\/i><\/div><div  class='tile ftg-preload  '><a title=\"\" data-lightbox='ftg-4040' rel='ftg-4040'  class=' tile-inner  ftg-lightbox' href=\"https:\/\/i0.wp.com\/jp-pourtal.fr\/wp-content\/uploads\/2020\/01\/2020-01-23AVDC-01.jpg?ssl=1\"  data-rel=\"lightbox-image-0\" data-rl_title=\"\" data-rl_caption=\"\"><img alt='' class='item skip-lazy' data-class='item' data-ftg-source='https:\/\/i0.wp.com\/jp-pourtal.fr\/wp-content\/uploads\/2020\/01\/2020-01-23AVDC-01.jpg?resize=636%2C958&#038;ssl=1' src='https:\/\/i0.wp.com\/jp-pourtal.fr\/wp-content\/uploads\/2020\/01\/2020-01-23AVDC-01.jpg?resize=636%2C958&#038;ssl=1' width='636' height='958' data-recalc-dims=\"1\" \/><\/a><div class='ftg-social'><\/div><\/div><div  class='tile ftg-preload  '><a title=\"\" data-lightbox='ftg-4040' rel='ftg-4040'  class=' tile-inner  ftg-lightbox' href=\"https:\/\/i0.wp.com\/jp-pourtal.fr\/wp-content\/uploads\/2020\/01\/2020-01-23AVDC-03.jpg?ssl=1\"  data-rel=\"lightbox-image-1\" data-rl_title=\"\" data-rl_caption=\"\"><img alt='' class='item skip-lazy' data-class='item' data-ftg-source='https:\/\/i0.wp.com\/jp-pourtal.fr\/wp-content\/uploads\/2020\/01\/2020-01-23AVDC-03.jpg?resize=647%2C974&#038;ssl=1' src='https:\/\/i0.wp.com\/jp-pourtal.fr\/wp-content\/uploads\/2020\/01\/2020-01-23AVDC-03.jpg?resize=647%2C974&#038;ssl=1' width='647' height='974' data-recalc-dims=\"1\" \/><\/a><div class='ftg-social'><\/div><\/div><div  class='tile ftg-preload  '><a title=\"\" data-lightbox='ftg-4040' rel='ftg-4040'  class=' tile-inner  ftg-lightbox' href=\"https:\/\/i0.wp.com\/jp-pourtal.fr\/wp-content\/uploads\/2020\/01\/2020-01-23AVDC-04-1024x680.jpg?ssl=1\"  data-rel=\"lightbox-image-2\" data-rl_title=\"\" data-rl_caption=\"\"><img alt='' class='item skip-lazy' data-class='item' data-ftg-source='https:\/\/i0.wp.com\/jp-pourtal.fr\/wp-content\/uploads\/2020\/01\/2020-01-23AVDC-04.jpg?resize=150%2C150&#038;ssl=1' src='https:\/\/i0.wp.com\/jp-pourtal.fr\/wp-content\/uploads\/2020\/01\/2020-01-23AVDC-04.jpg?resize=150%2C150&#038;ssl=1' width='150' height='150' data-recalc-dims=\"1\" \/><\/a><div class='ftg-social'><\/div><\/div><div  class='tile ftg-preload  '><a title=\"\" data-lightbox='ftg-4040' rel='ftg-4040'  class=' tile-inner  ftg-lightbox' href=\"https:\/\/i0.wp.com\/jp-pourtal.fr\/wp-content\/uploads\/2020\/01\/2020-01-23AVDC-05-1024x1024.jpg?ssl=1\"  data-rel=\"lightbox-image-3\" data-rl_title=\"\" data-rl_caption=\"\"><img alt='' class='item skip-lazy' data-class='item' data-ftg-source='https:\/\/i0.wp.com\/jp-pourtal.fr\/wp-content\/uploads\/2020\/01\/2020-01-23AVDC-05.jpg?resize=840%2C840&#038;ssl=1' src='https:\/\/i0.wp.com\/jp-pourtal.fr\/wp-content\/uploads\/2020\/01\/2020-01-23AVDC-05.jpg?resize=840%2C840&#038;ssl=1' width='840' height='840' data-recalc-dims=\"1\" \/><\/a><div class='ftg-social'><\/div><\/div><div  class='tile ftg-preload  '><a title=\"\" data-lightbox='ftg-4040' rel='ftg-4040'  class=' tile-inner  ftg-lightbox' href=\"https:\/\/i0.wp.com\/jp-pourtal.fr\/wp-content\/uploads\/2020\/01\/2020-01-23AVDC-07-1024x680.jpg?ssl=1\"  data-rel=\"lightbox-image-4\" data-rl_title=\"\" data-rl_caption=\"\"><img alt='' class='item skip-lazy' data-class='item' data-ftg-source='https:\/\/i0.wp.com\/jp-pourtal.fr\/wp-content\/uploads\/2020\/01\/2020-01-23AVDC-07.jpg?resize=150%2C150&#038;ssl=1' src='https:\/\/i0.wp.com\/jp-pourtal.fr\/wp-content\/uploads\/2020\/01\/2020-01-23AVDC-07.jpg?resize=150%2C150&#038;ssl=1' width='150' height='150' data-recalc-dims=\"1\" \/><\/a><div class='ftg-social'><\/div><\/div><div  class='tile ftg-preload  '><a title=\"\" data-lightbox='ftg-4040' rel='ftg-4040'  class=' tile-inner  ftg-lightbox' href=\"https:\/\/i0.wp.com\/jp-pourtal.fr\/wp-content\/uploads\/2020\/01\/2020-01-23AVDC-08-1024x1024.jpg?ssl=1\"  data-rel=\"lightbox-image-5\" data-rl_title=\"\" data-rl_caption=\"\"><img alt='' class='item skip-lazy' data-class='item' data-ftg-source='https:\/\/i0.wp.com\/jp-pourtal.fr\/wp-content\/uploads\/2020\/01\/2020-01-23AVDC-08.jpg?resize=840%2C840&#038;ssl=1' src='https:\/\/i0.wp.com\/jp-pourtal.fr\/wp-content\/uploads\/2020\/01\/2020-01-23AVDC-08.jpg?resize=840%2C840&#038;ssl=1' width='840' height='840' data-recalc-dims=\"1\" \/><\/a><div class='ftg-social'><\/div><\/div><div  class='tile ftg-preload  '><a title=\"\" data-lightbox='ftg-4040' rel='ftg-4040'  class=' tile-inner  ftg-lightbox' href=\"https:\/\/i0.wp.com\/jp-pourtal.fr\/wp-content\/uploads\/2020\/01\/2020-01-23AVDC-09.jpg?ssl=1\"  data-rel=\"lightbox-image-6\" data-rl_title=\"\" data-rl_caption=\"\"><img alt='Le 4 de la Cr\u00e9ation' class='item skip-lazy' data-class='item' data-ftg-source='https:\/\/i0.wp.com\/jp-pourtal.fr\/wp-content\/uploads\/2020\/01\/2020-01-23AVDC-09.jpg?resize=840%2C840&#038;ssl=1' src='https:\/\/i0.wp.com\/jp-pourtal.fr\/wp-content\/uploads\/2020\/01\/2020-01-23AVDC-09.jpg?resize=840%2C840&#038;ssl=1' width='840' height='840' data-recalc-dims=\"1\" \/><div class='caption-block'><div class='text-wrapper'><span class='title'>Le 4 de la Cr\u00e9ation<\/span><\/div><\/div><\/a><div class='ftg-social'><\/div><\/div><div  class='tile ftg-preload  '><a title=\"\" data-lightbox='ftg-4040' rel='ftg-4040'  class=' tile-inner  ftg-lightbox' href=\"https:\/\/i0.wp.com\/jp-pourtal.fr\/wp-content\/uploads\/2020\/01\/2020-01-23AVDC-10-1024x1024.jpg?ssl=1\"  data-rel=\"lightbox-image-7\" data-rl_title=\"\" data-rl_caption=\"\"><img alt='' class='item skip-lazy' data-class='item' data-ftg-source='https:\/\/i0.wp.com\/jp-pourtal.fr\/wp-content\/uploads\/2020\/01\/2020-01-23AVDC-10.jpg?resize=840%2C840&#038;ssl=1' src='https:\/\/i0.wp.com\/jp-pourtal.fr\/wp-content\/uploads\/2020\/01\/2020-01-23AVDC-10.jpg?resize=840%2C840&#038;ssl=1' width='840' height='840' data-recalc-dims=\"1\" \/><\/a><div class='ftg-social'><\/div><\/div><div  class='tile ftg-preload  '><a title=\"\" data-lightbox='ftg-4040' rel='ftg-4040'  class=' tile-inner  ftg-lightbox' href=\"https:\/\/i0.wp.com\/jp-pourtal.fr\/wp-content\/uploads\/2020\/01\/2020-01-23AVDC-11-680x1024.jpg?ssl=1\"  data-rel=\"lightbox-image-8\" data-rl_title=\"\" data-rl_caption=\"\"><img alt='' class='item skip-lazy' data-class='item' data-ftg-source='https:\/\/i0.wp.com\/jp-pourtal.fr\/wp-content\/uploads\/2020\/01\/2020-01-23AVDC-11.jpg?resize=680%2C1024&#038;ssl=1' src='https:\/\/i0.wp.com\/jp-pourtal.fr\/wp-content\/uploads\/2020\/01\/2020-01-23AVDC-11.jpg?resize=680%2C1024&#038;ssl=1' width='680' height='1024' data-recalc-dims=\"1\" \/><\/a><div class='ftg-social'><\/div><\/div><div  class='tile ftg-preload  '><a title=\"\" data-lightbox='ftg-4040' rel='ftg-4040'  class=' tile-inner  ftg-lightbox' href=\"https:\/\/i0.wp.com\/jp-pourtal.fr\/wp-content\/uploads\/2020\/01\/2020-01-23AVDC-12-639x1024.jpg?ssl=1\"  data-rel=\"lightbox-image-9\" data-rl_title=\"\" data-rl_caption=\"\"><img alt='' class='item skip-lazy' data-class='item' data-ftg-source='https:\/\/i0.wp.com\/jp-pourtal.fr\/wp-content\/uploads\/2020\/01\/2020-01-23AVDC-12.jpg?resize=639%2C1024&#038;ssl=1' src='https:\/\/i0.wp.com\/jp-pourtal.fr\/wp-content\/uploads\/2020\/01\/2020-01-23AVDC-12.jpg?resize=639%2C1024&#038;ssl=1' width='639' height='1024' data-recalc-dims=\"1\" \/><\/a><div class='ftg-social'><\/div><\/div><div  class='tile ftg-preload  '><a title=\"\" data-lightbox='ftg-4040' rel='ftg-4040'  class=' tile-inner  ftg-lightbox' href=\"https:\/\/i0.wp.com\/jp-pourtal.fr\/wp-content\/uploads\/2020\/01\/2020-01-23AVDC-13-681x1024.jpg?ssl=1\"  data-rel=\"lightbox-image-10\" data-rl_title=\"\" data-rl_caption=\"\"><img alt='' class='item skip-lazy' data-class='item' data-ftg-source='https:\/\/i0.wp.com\/jp-pourtal.fr\/wp-content\/uploads\/2020\/01\/2020-01-23AVDC-13.jpg?resize=681%2C1024&#038;ssl=1' src='https:\/\/i0.wp.com\/jp-pourtal.fr\/wp-content\/uploads\/2020\/01\/2020-01-23AVDC-13.jpg?resize=681%2C1024&#038;ssl=1' width='681' height='1024' data-recalc-dims=\"1\" \/><\/a><div class='ftg-social'><\/div><\/div><div  class='tile ftg-preload  '><a title=\"\" data-lightbox='ftg-4040' rel='ftg-4040'  class=' tile-inner  ftg-lightbox' href=\"https:\/\/i0.wp.com\/jp-pourtal.fr\/wp-content\/uploads\/2020\/01\/2020-01-23AVDC-14.jpg?ssl=1\"  data-rel=\"lightbox-image-11\" data-rl_title=\"\" data-rl_caption=\"\"><img alt='' class='item skip-lazy' data-class='item' data-ftg-source='https:\/\/i0.wp.com\/jp-pourtal.fr\/wp-content\/uploads\/2020\/01\/2020-01-23AVDC-14.jpg?resize=840%2C840&#038;ssl=1' src='https:\/\/i0.wp.com\/jp-pourtal.fr\/wp-content\/uploads\/2020\/01\/2020-01-23AVDC-14.jpg?resize=840%2C840&#038;ssl=1' width='840' height='840' data-recalc-dims=\"1\" \/><\/a><div class='ftg-social'><\/div><\/div><div  class='tile ftg-preload  '><a title=\"\" data-lightbox='ftg-4040' rel='ftg-4040'  class=' tile-inner  ftg-lightbox' href=\"https:\/\/i0.wp.com\/jp-pourtal.fr\/wp-content\/uploads\/2020\/01\/2020-01-23AVDC-15-1024x680.jpg?ssl=1\"  data-rel=\"lightbox-image-12\" data-rl_title=\"\" data-rl_caption=\"\"><img alt='' class='item skip-lazy' data-class='item' data-ftg-source='https:\/\/i0.wp.com\/jp-pourtal.fr\/wp-content\/uploads\/2020\/01\/2020-01-23AVDC-15.jpg?resize=150%2C150&#038;ssl=1' src='https:\/\/i0.wp.com\/jp-pourtal.fr\/wp-content\/uploads\/2020\/01\/2020-01-23AVDC-15.jpg?resize=150%2C150&#038;ssl=1' width='150' height='150' data-recalc-dims=\"1\" \/><\/a><div class='ftg-social'><\/div><\/div><div  class='tile ftg-preload  '><a title=\"\" data-lightbox='ftg-4040' rel='ftg-4040'  class=' tile-inner  ftg-lightbox' href=\"https:\/\/i0.wp.com\/jp-pourtal.fr\/wp-content\/uploads\/2020\/01\/2020-01-23AVDC-06-1024x1024.jpg?ssl=1\"  data-rel=\"lightbox-image-13\" data-rl_title=\"\" data-rl_caption=\"\"><img alt='' class='item skip-lazy' data-class='item' data-ftg-source='https:\/\/i0.wp.com\/jp-pourtal.fr\/wp-content\/uploads\/2020\/01\/2020-01-23AVDC-06.jpg?resize=840%2C840&#038;ssl=1' src='https:\/\/i0.wp.com\/jp-pourtal.fr\/wp-content\/uploads\/2020\/01\/2020-01-23AVDC-06.jpg?resize=840%2C840&#038;ssl=1' width='840' height='840' data-recalc-dims=\"1\" \/><\/a><div class='ftg-social'><\/div><\/div><\/div><\/div><script type='text\/javascript'>jQuery('#ftg-4040 img.item').removeAttr('src');jQuery(document).ready(function () {setTimeout(function () {jQuery('#ftg-4040').finalTilesGallery({minTileWidth: 250,margin: 10,loadMethod: 'sequential',nonce: '5792767992',galleryId: '40',setupFilters: true,layout: 'final',debug: false,gridSize: 25,disableGridSizeBelow:800,allowEnlargement: true,imageSizeFactor: [ [4000, 0.3],[1024, 0.3],[768, 0.2],[640, 0.3],[320, 0.2]],selectedFilter: 'n-a'});jQuery(function () {(function () {var rel = '';jQuery('#ftg-4040 .ftg-lightbox').click(function (e) {rel = jQuery(this).attr('rel');jQuery('#ftg-4040 .ftg-current').removeClass('ftg-current');jQuery('#ftg-4040 [rel=\"'+rel+'\"]').addClass('ftg-current');});})();});}, 0);});<\/script><\/div>\n\n\n\n<p>L&rsquo;ensemble du site est dor\u00e9navant un ensemble h\u00f4telier de belle qualit\u00e9 :<br>Pour en savoir plus :<br> <a href=\"https:\/\/www.abbayedecernay.com\/\">https:\/\/www.abbayedecernay.com\/<\/a>  <\/p>\n<div class=\"sharedaddy sd-sharing-enabled\"><div class=\"robots-nocontent sd-block sd-social sd-social-icon sd-sharing\"><h3 class=\"sd-title\">Share this:<\/h3><div class=\"sd-content\"><ul><li class=\"share-facebook\"><a rel=\"nofollow noopener noreferrer\" data-shared=\"sharing-facebook-990\" class=\"share-facebook sd-button share-icon no-text\" href=\"https:\/\/jp-pourtal.fr\/index.php\/les-portfolios\/portfolios\/abbaye-des-vaux-de-cernay\/?share=facebook\" target=\"_blank\" title=\"Cliquez pour partager sur Facebook\"><span><\/span><span class=\"sharing-screen-reader-text\">Cliquez pour partager sur Facebook(ouvre dans une nouvelle fen\u00eatre)<\/span><\/a><\/li><li class=\"share-linkedin\"><a rel=\"nofollow noopener noreferrer\" data-shared=\"sharing-linkedin-990\" class=\"share-linkedin sd-button share-icon no-text\" href=\"https:\/\/jp-pourtal.fr\/index.php\/les-portfolios\/portfolios\/abbaye-des-vaux-de-cernay\/?share=linkedin\" target=\"_blank\" title=\"Cliquez pour partager sur LinkedIn\"><span><\/span><span class=\"sharing-screen-reader-text\">Cliquez pour partager sur LinkedIn(ouvre dans une nouvelle fen\u00eatre)<\/span><\/a><\/li><li class=\"share-jetpack-whatsapp\"><a rel=\"nofollow noopener noreferrer\" data-shared=\"\" class=\"share-jetpack-whatsapp sd-button share-icon no-text\" href=\"https:\/\/jp-pourtal.fr\/index.php\/les-portfolios\/portfolios\/abbaye-des-vaux-de-cernay\/?share=jetpack-whatsapp\" target=\"_blank\" title=\"Cliquez pour partager sur WhatsApp\"><span><\/span><span class=\"sharing-screen-reader-text\">Cliquez pour partager sur WhatsApp(ouvre dans une nouvelle fen\u00eatre)<\/span><\/a><\/li><li class=\"share-twitter\"><a rel=\"nofollow noopener noreferrer\" data-shared=\"sharing-twitter-990\" class=\"share-twitter sd-button share-icon no-text\" href=\"https:\/\/jp-pourtal.fr\/index.php\/les-portfolios\/portfolios\/abbaye-des-vaux-de-cernay\/?share=twitter\" target=\"_blank\" title=\"Cliquez pour partager sur Twitter\"><span><\/span><span class=\"sharing-screen-reader-text\">Cliquez pour partager sur Twitter(ouvre dans une nouvelle fen\u00eatre)<\/span><\/a><\/li><li class=\"share-end\"><\/li><\/ul><\/div><\/div><\/div>","protected":false},"excerpt":{"rendered":"<p>Retour Lieux Mythiques L&rsquo;abbaye des Vaux de Cernay est fond\u00e9e en 1118 dans la vall\u00e9e de Chevreuse dans le d\u00e9partement des Yvelines en bordure de la for\u00eat de Rambouillet. Ses ruines nous invitent \u00e0 la m\u00e9ditation et au recueillement ; en fermant les yeux l&rsquo;on peut sentir le fr\u00f4lement des robes de bures des moines &hellip; <a href=\"https:\/\/jp-pourtal.fr\/index.php\/les-portfolios\/portfolios\/abbaye-des-vaux-de-cernay\/\" class=\"more-link\">Continuer la lecture<span class=\"screen-reader-text\"> de &laquo;&nbsp;Abbaye des Vaux de Cernay&nbsp;&raquo;<\/span><\/a><\/p>\n<div class=\"sharedaddy sd-sharing-enabled\"><div class=\"robots-nocontent sd-block sd-social sd-social-icon sd-sharing\"><h3 class=\"sd-title\">Share this:<\/h3><div class=\"sd-content\"><ul><li class=\"share-facebook\"><a rel=\"nofollow noopener noreferrer\" data-shared=\"sharing-facebook-990\" class=\"share-facebook sd-button share-icon no-text\" href=\"https:\/\/jp-pourtal.fr\/index.php\/les-portfolios\/portfolios\/abbaye-des-vaux-de-cernay\/?share=facebook\" target=\"_blank\" title=\"Cliquez pour partager sur Facebook\"><span><\/span><span class=\"sharing-screen-reader-text\">Cliquez pour partager sur Facebook(ouvre dans une nouvelle fen\u00eatre)<\/span><\/a><\/li><li class=\"share-linkedin\"><a rel=\"nofollow noopener noreferrer\" data-shared=\"sharing-linkedin-990\" class=\"share-linkedin sd-button share-icon no-text\" href=\"https:\/\/jp-pourtal.fr\/index.php\/les-portfolios\/portfolios\/abbaye-des-vaux-de-cernay\/?share=linkedin\" target=\"_blank\" title=\"Cliquez pour partager sur LinkedIn\"><span><\/span><span class=\"sharing-screen-reader-text\">Cliquez pour partager sur LinkedIn(ouvre dans une nouvelle fen\u00eatre)<\/span><\/a><\/li><li class=\"share-jetpack-whatsapp\"><a rel=\"nofollow noopener noreferrer\" data-shared=\"\" class=\"share-jetpack-whatsapp sd-button share-icon no-text\" href=\"https:\/\/jp-pourtal.fr\/index.php\/les-portfolios\/portfolios\/abbaye-des-vaux-de-cernay\/?share=jetpack-whatsapp\" target=\"_blank\" title=\"Cliquez pour partager sur WhatsApp\"><span><\/span><span class=\"sharing-screen-reader-text\">Cliquez pour partager sur WhatsApp(ouvre dans une nouvelle fen\u00eatre)<\/span><\/a><\/li><li class=\"share-twitter\"><a rel=\"nofollow noopener noreferrer\" data-shared=\"sharing-twitter-990\" class=\"share-twitter sd-button share-icon no-text\" href=\"https:\/\/jp-pourtal.fr\/index.php\/les-portfolios\/portfolios\/abbaye-des-vaux-de-cernay\/?share=twitter\" target=\"_blank\" title=\"Cliquez pour partager sur Twitter\"><span><\/span><span class=\"sharing-screen-reader-text\">Cliquez pour partager sur Twitter(ouvre dans une nouvelle fen\u00eatre)<\/span><\/a><\/li><li class=\"share-end\"><\/li><\/ul><\/div><\/div><\/div>","protected":false},"author":1,"featured_media":0,"parent":61,"menu_order":0,"comment_status":"closed","ping_status":"closed","template":"","meta":{"spay_email":""},"jetpack_sharing_enabled":true,"_links":{"self":[{"href":"https:\/\/jp-pourtal.fr\/index.php\/wp-json\/wp\/v2\/pages\/990"}],"collection":[{"href":"https:\/\/jp-pourtal.fr\/index.php\/wp-json\/wp\/v2\/pages"}],"about":[{"href":"https:\/\/jp-pourtal.fr\/index.php\/wp-json\/wp\/v2\/types\/page"}],"author":[{"embeddable":true,"href":"https:\/\/jp-pourtal.fr\/index.php\/wp-json\/wp\/v2\/users\/1"}],"replies":[{"embeddable":true,"href":"https:\/\/jp-pourtal.fr\/index.php\/wp-json\/wp\/v2\/comments?post=990"}],"version-history":[{"count":4,"href":"https:\/\/jp-pourtal.fr\/index.php\/wp-json\/wp\/v2\/pages\/990\/revisions"}],"predecessor-version":[{"id":994,"href":"https:\/\/jp-pourtal.fr\/index.php\/wp-json\/wp\/v2\/pages\/990\/revisions\/994"}],"up":[{"embeddable":true,"href":"https:\/\/jp-pourtal.fr\/index.php\/wp-json\/wp\/v2\/pages\/61"}],"wp:attachment":[{"href":"https:\/\/jp-pourtal.fr\/index.php\/wp-json\/wp\/v2\/media?parent=990"}],"curies":[{"name":"wp","href":"https:\/\/api.w.org\/{rel}","templated":true}]}}