{"id":729,"date":"2019-05-20T14:30:20","date_gmt":"2019-05-20T12:30:20","guid":{"rendered":"https:\/\/jp-pourtal.fr\/?page_id=729"},"modified":"2020-03-28T16:59:56","modified_gmt":"2020-03-28T15:59:56","slug":"qui-suis-je","status":"publish","type":"page","link":"https:\/\/jp-pourtal.fr\/index.php\/qui-suis-je\/","title":{"rendered":"Qui suis-je ?"},"content":{"rendered":"\n<div class=\"wp-block-image\"><figure class=\"aligncenter is-resized\"><img decoding=\"async\" loading=\"lazy\" src=\"https:\/\/i0.wp.com\/jp-pourtal.fr\/wp-content\/uploads\/2019\/06\/20190621-Autoportrait01.jpg?resize=512%2C505&#038;ssl=1\" alt=\"\" class=\"wp-image-846\" width=\"512\" height=\"505\" srcset=\"https:\/\/i0.wp.com\/jp-pourtal.fr\/wp-content\/uploads\/2019\/06\/20190621-Autoportrait01.jpg?resize=1024%2C1009&amp;ssl=1 1024w, https:\/\/i0.wp.com\/jp-pourtal.fr\/wp-content\/uploads\/2019\/06\/20190621-Autoportrait01.jpg?resize=300%2C296&amp;ssl=1 300w, https:\/\/i0.wp.com\/jp-pourtal.fr\/wp-content\/uploads\/2019\/06\/20190621-Autoportrait01.jpg?resize=768%2C757&amp;ssl=1 768w, https:\/\/i0.wp.com\/jp-pourtal.fr\/wp-content\/uploads\/2019\/06\/20190621-Autoportrait01.jpg?resize=1200%2C1182&amp;ssl=1 1200w, https:\/\/i0.wp.com\/jp-pourtal.fr\/wp-content\/uploads\/2019\/06\/20190621-Autoportrait01.jpg?w=1680&amp;ssl=1 1680w, https:\/\/i0.wp.com\/jp-pourtal.fr\/wp-content\/uploads\/2019\/06\/20190621-Autoportrait01.jpg?w=2520&amp;ssl=1 2520w\" sizes=\"(max-width: 512px) 85vw, 512px\" data-recalc-dims=\"1\" \/><figcaption>Jean-Patrick Pourtal &#8211; Juin 2019<\/figcaption><\/figure><\/div>\n\n\n\n<p>Je me nomme Jean-Patrick Pourtal et je suis n\u00e9 le 27 d\u00e9cembre 1960 \u00e0 Neuilly-Sur-Seine, depuis mon jeune \u00e2ge je me passionne pour la photographie\u00a0; mes toutes premi\u00e8res, je les ai faites en 1969 \u00e0 Bernex en Savoie o\u00f9 j\u2019\u00e9tais en classe de neige, j\u2019avais donc 9 ans. Mon p\u00e8re m\u2019avait pr\u00eat\u00e9 <strong>un vieux 9&#215;9<\/strong> dont j\u2019\u00e9tais tr\u00e8s fier. H\u00e9las, le temps a pass\u00e9 et j\u2019ai perdu ces photos.<\/p>\n\n\n\n<p>Puis un jour, il me fit une grande confiance en me pr\u00eatant son <strong>Kodak Retinette.<\/strong> Il se l\u2019\u00e9tait pay\u00e9 lorsqu\u2019il avait fait son Service Militaire dans les ann\u00e9es 1950. <\/p>\n\n\n\n<div class=\"wp-block-image\"><figure class=\"aligncenter is-resized\"><img decoding=\"async\" loading=\"lazy\" src=\"https:\/\/i0.wp.com\/jp-pourtal.fr\/wp-content\/uploads\/2019\/05\/Retinette.jpg?resize=350%2C245&#038;ssl=1\" alt=\"\" class=\"wp-image-732\" width=\"350\" height=\"245\" srcset=\"https:\/\/i0.wp.com\/jp-pourtal.fr\/wp-content\/uploads\/2019\/05\/Retinette.jpg?w=700&amp;ssl=1 700w, https:\/\/i0.wp.com\/jp-pourtal.fr\/wp-content\/uploads\/2019\/05\/Retinette.jpg?resize=300%2C210&amp;ssl=1 300w\" sizes=\"(max-width: 350px) 85vw, 350px\" data-recalc-dims=\"1\" \/><figcaption>Kodak Retinette<\/figcaption><\/figure><\/div>\n\n\n\n<p>Quel plaisir pour moi, quelle fiert\u00e9 d\u2019avoir la confiance de\nmon p\u00e8re, car \u00e0 cette \u00e9poque le R\u00e9tinette \u00e9tait un bel appareil photo. Je fis\nmes premiers beaux clich\u00e9s avec lui, me familiarisant avec l\u2019ouverture, la\nvitesse et surtout la cellule me permettant de mesurer la quantit\u00e9 de lumi\u00e8re\nde mon environnement et ainsi adapter mes r\u00e9glages.<\/p>\n\n\n\n<p>Puis un jour, mes parents m\u2019offrirent mon premier appareil photo reflex, un<strong> Zenith E<\/strong>. Bien que n\u2019ayant pas la qualit\u00e9 des Nikon et autres Canon, je pris un plaisir fou \u00e0 l\u2019utiliser, m\u00eame s\u2019il \u00e9tait lourd et un peu grossier. J\u2019en fis des photos avec lui&nbsp;!<\/p>\n\n\n\n<div class=\"wp-block-image\"><figure class=\"aligncenter is-resized\"><img decoding=\"async\" loading=\"lazy\" src=\"https:\/\/i0.wp.com\/jp-pourtal.fr\/wp-content\/uploads\/2019\/05\/ZENITH.jpg?resize=512%2C415&#038;ssl=1\" alt=\"\" class=\"wp-image-736\" width=\"512\" height=\"415\" srcset=\"https:\/\/i0.wp.com\/jp-pourtal.fr\/wp-content\/uploads\/2019\/05\/ZENITH.jpg?w=1024&amp;ssl=1 1024w, https:\/\/i0.wp.com\/jp-pourtal.fr\/wp-content\/uploads\/2019\/05\/ZENITH.jpg?resize=300%2C243&amp;ssl=1 300w, https:\/\/i0.wp.com\/jp-pourtal.fr\/wp-content\/uploads\/2019\/05\/ZENITH.jpg?resize=768%2C622&amp;ssl=1 768w\" sizes=\"(max-width: 512px) 85vw, 512px\" data-recalc-dims=\"1\" \/><figcaption>Zenith E<\/figcaption><\/figure><\/div>\n\n\n\n<p>Je continuais mes \u00e9tudes d\u2019\u00e9lectronicien jusqu\u2019\u00e0 23 ans, puis je fus appel\u00e9 sous les drapeaux pour mon Service Militaire que j\u2019effectuais \u00e0 Berlin Ouest de 1983 \u00e0 1984. Outre le fait d\u2019\u00eatre dans cette ville extraordinaire encore isol\u00e9e au milieu du monde communiste en pleine RDA et coup\u00e9e en deux par un mur o\u00f9 de nombreuses personnes trouv\u00e8rent la mort, Berlin me permit de m\u2019acheter mon premier \u00ab&nbsp;vrai&nbsp;\u00bb appareil photo reflex, un <strong>Pentax ME Super. &nbsp;<\/strong><\/p>\n\n\n\n<div class=\"wp-block-image\"><figure class=\"aligncenter is-resized\"><img decoding=\"async\" loading=\"lazy\" src=\"https:\/\/i0.wp.com\/jp-pourtal.fr\/wp-content\/uploads\/2019\/05\/MESUPER.jpg?resize=355%2C266&#038;ssl=1\" alt=\"\" class=\"wp-image-733\" width=\"355\" height=\"266\" srcset=\"https:\/\/i0.wp.com\/jp-pourtal.fr\/wp-content\/uploads\/2019\/05\/MESUPER.jpg?w=355&amp;ssl=1 355w, https:\/\/i0.wp.com\/jp-pourtal.fr\/wp-content\/uploads\/2019\/05\/MESUPER.jpg?resize=300%2C225&amp;ssl=1 300w\" sizes=\"(max-width: 355px) 85vw, 355px\" data-recalc-dims=\"1\" \/><figcaption>Pentax ME Super<\/figcaption><\/figure><\/div>\n\n\n\n<p>Ce fut un bonheur intense, un plaisir incommensurable. J\u2019avais en main un outil merveilleux qui me fit rentrer r\u00e9ellement dans le monde la photo. A cette \u00e9poque, point de num\u00e9rique, que des pellicules 24&#215;36 de 12, 24 ou 36 poses, il ne fallait pas se louper. Quelle angoisse d\u2019attendre les tirages pour voir les r\u00e9sultats, bien souvent d\u00e9cevants, et qui m\u2019obligeaient \u00e0 recommencer. <\/p>\n\n\n\n<p>Ce fut ma rencontre avec Denis Gillette, photographe \u00e0\nV\u00e9lizy-Villacoublay sur la Dalle Louvois et de son associ\u00e9 Pierre, qui me fit\nchanger mon point de vue sur la photographie. Grace \u00e0 eux deux je suis pass\u00e9 de\npetit amateur photographe \u00e0 photographe averti. Nous passions des heures \u00e0\nparler photo, des heures \u00e0 manipuler les agrandisseurs pour le tirage et des heures\n\u00e0 les observer lorsqu\u2019ils faisaient de la photo de mod\u00e8les dans leur studio.<\/p>\n\n\n\n<p>Puis un jour, en 1998, mon Pentax ME Super me l\u00e2cha, la\ncellule fonctionnait de moins en moins et le co\u00fbt de r\u00e9paration \u00e9tait exorbitant.\nL\u2019une des derni\u00e8res photos que je fis avec fut celle de mon fils Jean-Hugues,\nqui avait un peu plus d\u2019un an.<\/p>\n\n\n\n<p>Il me fallut attendre 2005, pour acheter un nouvel appareil photo reflex mais num\u00e9rique ce coup-l\u00e0, il s\u2019agissait d\u2019un <strong>D50 de Nikon<\/strong>. Superbe petit engin de grande qualit\u00e9 pour sa simplicit\u00e9, il fonctionne toujours, ma fille ain\u00e9e s\u2019en sert encore, je crois.<\/p>\n\n\n\n<div class=\"wp-block-image\"><figure class=\"aligncenter is-resized\"><img decoding=\"async\" loading=\"lazy\" src=\"https:\/\/i0.wp.com\/jp-pourtal.fr\/wp-content\/uploads\/2019\/05\/D50.jpg?resize=338%2C300&#038;ssl=1\" alt=\"\" class=\"wp-image-737\" width=\"338\" height=\"300\" srcset=\"https:\/\/i0.wp.com\/jp-pourtal.fr\/wp-content\/uploads\/2019\/05\/D50.jpg?w=450&amp;ssl=1 450w, https:\/\/i0.wp.com\/jp-pourtal.fr\/wp-content\/uploads\/2019\/05\/D50.jpg?resize=300%2C267&amp;ssl=1 300w\" sizes=\"(max-width: 338px) 85vw, 338px\" data-recalc-dims=\"1\" \/><figcaption>Nikon D50<\/figcaption><\/figure><\/div>\n\n\n\n<p>Mais le virus \u00e9tait revenu, mes envies d\u2019aller plus loin\naussi et le D50 commen\u00e7ait \u00e0 \u00eatre un peu limit\u00e9.<\/p>\n\n\n\n<p>C\u2019est en 2009 que j\u2019ach\u00e8te mon <strong>D300 S de chez Nikon<\/strong>, et c\u2019est toujours avec lui que je travaille. Nous sommes devenus un vieux couple et nous nous entendons bien, je l\u2019aime, il m\u2019aime et on s\u2019\u00e9clate&nbsp;!<\/p>\n\n\n\n<div class=\"wp-block-image\"><figure class=\"aligncenter is-resized\"><img decoding=\"async\" loading=\"lazy\" src=\"https:\/\/i0.wp.com\/jp-pourtal.fr\/wp-content\/uploads\/2019\/05\/D300SJP.jpg?resize=375%2C250&#038;ssl=1\" alt=\"\" class=\"wp-image-738\" width=\"375\" height=\"250\" srcset=\"https:\/\/i0.wp.com\/jp-pourtal.fr\/wp-content\/uploads\/2019\/05\/D300SJP.jpg?w=375&amp;ssl=1 375w, https:\/\/i0.wp.com\/jp-pourtal.fr\/wp-content\/uploads\/2019\/05\/D300SJP.jpg?resize=300%2C200&amp;ssl=1 300w\" sizes=\"(max-width: 375px) 85vw, 375px\" data-recalc-dims=\"1\" \/><figcaption>Nikon D300 S<\/figcaption><\/figure><\/div>\n<div class=\"sharedaddy sd-sharing-enabled\"><div class=\"robots-nocontent sd-block sd-social sd-social-icon sd-sharing\"><h3 class=\"sd-title\">Share this:<\/h3><div class=\"sd-content\"><ul><li class=\"share-facebook\"><a rel=\"nofollow noopener noreferrer\" data-shared=\"sharing-facebook-729\" class=\"share-facebook sd-button share-icon no-text\" href=\"https:\/\/jp-pourtal.fr\/index.php\/qui-suis-je\/?share=facebook\" target=\"_blank\" title=\"Cliquez pour partager sur Facebook\"><span><\/span><span class=\"sharing-screen-reader-text\">Cliquez pour partager sur Facebook(ouvre dans une nouvelle fen\u00eatre)<\/span><\/a><\/li><li class=\"share-linkedin\"><a rel=\"nofollow noopener noreferrer\" data-shared=\"sharing-linkedin-729\" class=\"share-linkedin sd-button share-icon no-text\" href=\"https:\/\/jp-pourtal.fr\/index.php\/qui-suis-je\/?share=linkedin\" target=\"_blank\" title=\"Cliquez pour partager sur LinkedIn\"><span><\/span><span class=\"sharing-screen-reader-text\">Cliquez pour partager sur LinkedIn(ouvre dans une nouvelle fen\u00eatre)<\/span><\/a><\/li><li class=\"share-jetpack-whatsapp\"><a rel=\"nofollow noopener noreferrer\" data-shared=\"\" class=\"share-jetpack-whatsapp sd-button share-icon no-text\" href=\"https:\/\/jp-pourtal.fr\/index.php\/qui-suis-je\/?share=jetpack-whatsapp\" target=\"_blank\" title=\"Cliquez pour partager sur WhatsApp\"><span><\/span><span class=\"sharing-screen-reader-text\">Cliquez pour partager sur WhatsApp(ouvre dans une nouvelle fen\u00eatre)<\/span><\/a><\/li><li class=\"share-twitter\"><a rel=\"nofollow noopener noreferrer\" data-shared=\"sharing-twitter-729\" class=\"share-twitter sd-button share-icon no-text\" href=\"https:\/\/jp-pourtal.fr\/index.php\/qui-suis-je\/?share=twitter\" target=\"_blank\" title=\"Cliquez pour partager sur Twitter\"><span><\/span><span class=\"sharing-screen-reader-text\">Cliquez pour partager sur Twitter(ouvre dans une nouvelle fen\u00eatre)<\/span><\/a><\/li><li class=\"share-end\"><\/li><\/ul><\/div><\/div><\/div>","protected":false},"excerpt":{"rendered":"<p>Je me nomme Jean-Patrick Pourtal et je suis n\u00e9 le 27 d\u00e9cembre 1960 \u00e0 Neuilly-Sur-Seine, depuis mon jeune \u00e2ge je me passionne pour la photographie\u00a0; mes toutes premi\u00e8res, je les ai faites en 1969 \u00e0 Bernex en Savoie o\u00f9 j\u2019\u00e9tais en classe de neige, j\u2019avais donc 9 ans. Mon p\u00e8re m\u2019avait pr\u00eat\u00e9 un vieux 9&#215;9 &hellip; <a href=\"https:\/\/jp-pourtal.fr\/index.php\/qui-suis-je\/\" class=\"more-link\">Continuer la lecture<span class=\"screen-reader-text\"> de &laquo;&nbsp;Qui suis-je ?&nbsp;&raquo;<\/span><\/a><\/p>\n<div class=\"sharedaddy sd-sharing-enabled\"><div class=\"robots-nocontent sd-block sd-social sd-social-icon sd-sharing\"><h3 class=\"sd-title\">Share this:<\/h3><div class=\"sd-content\"><ul><li class=\"share-facebook\"><a rel=\"nofollow noopener noreferrer\" data-shared=\"sharing-facebook-729\" class=\"share-facebook sd-button share-icon no-text\" href=\"https:\/\/jp-pourtal.fr\/index.php\/qui-suis-je\/?share=facebook\" target=\"_blank\" title=\"Cliquez pour partager sur Facebook\"><span><\/span><span class=\"sharing-screen-reader-text\">Cliquez pour partager sur Facebook(ouvre dans une nouvelle fen\u00eatre)<\/span><\/a><\/li><li class=\"share-linkedin\"><a rel=\"nofollow noopener noreferrer\" data-shared=\"sharing-linkedin-729\" class=\"share-linkedin sd-button share-icon no-text\" href=\"https:\/\/jp-pourtal.fr\/index.php\/qui-suis-je\/?share=linkedin\" target=\"_blank\" title=\"Cliquez pour partager sur LinkedIn\"><span><\/span><span class=\"sharing-screen-reader-text\">Cliquez pour partager sur LinkedIn(ouvre dans une nouvelle fen\u00eatre)<\/span><\/a><\/li><li class=\"share-jetpack-whatsapp\"><a rel=\"nofollow noopener noreferrer\" data-shared=\"\" class=\"share-jetpack-whatsapp sd-button share-icon no-text\" href=\"https:\/\/jp-pourtal.fr\/index.php\/qui-suis-je\/?share=jetpack-whatsapp\" target=\"_blank\" title=\"Cliquez pour partager sur WhatsApp\"><span><\/span><span class=\"sharing-screen-reader-text\">Cliquez pour partager sur WhatsApp(ouvre dans une nouvelle fen\u00eatre)<\/span><\/a><\/li><li class=\"share-twitter\"><a rel=\"nofollow noopener noreferrer\" data-shared=\"sharing-twitter-729\" class=\"share-twitter sd-button share-icon no-text\" href=\"https:\/\/jp-pourtal.fr\/index.php\/qui-suis-je\/?share=twitter\" target=\"_blank\" title=\"Cliquez pour partager sur Twitter\"><span><\/span><span class=\"sharing-screen-reader-text\">Cliquez pour partager sur Twitter(ouvre dans une nouvelle fen\u00eatre)<\/span><\/a><\/li><li class=\"share-end\"><\/li><\/ul><\/div><\/div><\/div>","protected":false},"author":1,"featured_media":0,"parent":0,"menu_order":0,"comment_status":"closed","ping_status":"closed","template":"","meta":{"spay_email":""},"jetpack_sharing_enabled":true,"_links":{"self":[{"href":"https:\/\/jp-pourtal.fr\/index.php\/wp-json\/wp\/v2\/pages\/729"}],"collection":[{"href":"https:\/\/jp-pourtal.fr\/index.php\/wp-json\/wp\/v2\/pages"}],"about":[{"href":"https:\/\/jp-pourtal.fr\/index.php\/wp-json\/wp\/v2\/types\/page"}],"author":[{"embeddable":true,"href":"https:\/\/jp-pourtal.fr\/index.php\/wp-json\/wp\/v2\/users\/1"}],"replies":[{"embeddable":true,"href":"https:\/\/jp-pourtal.fr\/index.php\/wp-json\/wp\/v2\/comments?post=729"}],"version-history":[{"count":12,"href":"https:\/\/jp-pourtal.fr\/index.php\/wp-json\/wp\/v2\/pages\/729\/revisions"}],"predecessor-version":[{"id":1005,"href":"https:\/\/jp-pourtal.fr\/index.php\/wp-json\/wp\/v2\/pages\/729\/revisions\/1005"}],"wp:attachment":[{"href":"https:\/\/jp-pourtal.fr\/index.php\/wp-json\/wp\/v2\/media?parent=729"}],"curies":[{"name":"wp","href":"https:\/\/api.w.org\/{rel}","templated":true}]}}